23, 191
What are the prime factors of 2957756?
2, 739439
List the prime factors of 516069.
3, 17, 3373
What are the prime factors of 1607558?
2, 137, 5867
List the prime factors of 12242297.
181, 239, 283
List the prime factors of 8094893.
19, 79, 5393
What are the prime factors of 155542?
2, 83, 937
List the prime factors of 11004785.
5, 11, 200087
What are the prime factors of 2940145?
5, 13, 45233
What are the prime factors of 44449?
44449
List the prime factors of 7915950.
2, 3, 5, 7, 359
What are the prime factors of 1060733?
29, 79, 463
List the prime factors of 4638878.
2, 53, 107, 409
What are the prime factors of 148920?
2, 3, 5, 17, 73
List the prime factors of 1249745.
5, 7, 5101
List the prime factors of 17151325.
5, 29, 41, 577
What are the prime factors of 2877842?
2, 11, 130811
What are the prime factors of 219668?
2, 54917
What are the prime factors of 1707744?
2, 3, 17789
What are the prime factors of 239264?
2, 7477
List the prime factors of 4265826.
2, 3, 710971
What are the prime factors of 699027?
3, 7, 33287
List the prime factors of 176047.
176047
What are the prime factors of 656751?
3, 179, 1223
List the prime factors of 208769.
11, 18979
List the prime factors of 1308043.
11, 118913
What are the prime factors of 17711699?
53, 334183
What are the prime factors of 306208?
2, 7, 1367
List the prime factors of 655245.
3, 5, 14561
List the prime factors of 21749295.
3, 5, 1449953
What are the prime factors of 4551771?
3, 7, 216751
List the prime factors of 7207429.
1297, 5557
What are the prime factors of 14198780?
2, 5, 293, 2423
List the prime factors of 163362.
2, 3, 19, 1433
What are the prime factors of 21768101?
21768101
What are the prime factors of 7644178?
2, 173, 22093
What are the prime factors of 430801?
7, 61543
What are the prime factors of 511572?
2, 3, 89, 479
List the prime factors of 16969.
71, 239
What are the prime factors of 2244356?
2, 19, 29531
What are the prime factors of 4599023?
11, 13, 29, 1109
What are the prime factors of 2603996?
2, 53, 71, 173
List the prime factors of 178584.
2, 3, 7, 1063
What are the prime factors of 980914?
2, 11, 44587
What are the prime factors of 1234038?
2, 3, 13, 1217
What are the prime factors of 1513605?
3, 5, 100907
What are the prime factors of 368439?
3, 191, 643
What are the prime factors of 92912?
2, 5807
List the prime factors of 348639.
3, 251, 463
List the prime factors of 554.
2, 277
List the prime factors of 83905.
5, 97, 173
What are the prime factors of 5197301?
191, 27211
List the prime factors of 322905.
3, 5, 11, 19, 103
List the prime factors of 12869266.
2, 37, 173909
List the prime factors of 425012.
2, 7, 43, 353
List the prime factors of 19108696.
2, 47, 50821
What are the prime factors of 7026535?
5, 157, 8951
List the prime factors of 3086693.
3086693
What are the prime factors of 4864169?
4864169
What are the prime factors of 1761708?
2, 3, 13, 23, 491
List the prime factors of 103135.
5, 20627
List the prime factors of 386989.
386989
What are the prime factors of 341624?
2, 42703
What are the prime factors of 339246?
2, 3, 47, 401
What are the prime factors of 157198?
2, 53, 1483
List the prime factors of 213717.
3, 7, 10177
List the prime factors of 13840027.
593, 23339
List the prime factors of 218552.
2, 17, 1607
List the prime factors of 1481904.
2, 3, 41, 251
What are the prime factors of 152050?
2, 5, 3041
List the prime factors of 1402967.
31, 167, 271
List the prime factors of 991738.
2, 11, 61, 739
What are the prime factors of 5465265?
3, 5, 13, 28027
List the prime factors of 1671955.
5, 127, 2633
List the prime factors of 778082.
2, 389041
List the prime factors of 507483.
3, 113, 499
What are the prime factors of 2279569?
2279569
What are the prime factors of 671240?
2, 5, 97, 173
List the prime factors of 18988353.
3, 19, 111043
List the prime factors of 13484099.
13484099
What are the prime factors of 19718270?
2, 5, 11, 13, 13789
List the prime factors of 853953.
3, 284651
List the prime factors of 240807.
3, 7, 11467
List the prime factors of 4522998.
2, 3, 43, 47, 373
What are the prime factors of 3792595?
5, 758519
What are the prime factors of 619296?
2, 3, 6451
List the prime factors of 1842199.
1842199
List the prime factors of 1601334.
2, 3, 7, 71, 179
List the prime factors of 31138692.
2, 3, 13, 29, 6883
List the prime factors of 791760.
2, 3, 5, 3299
List the prime factors of 3835606.
2, 19, 100937
List the prime factors of 1506724.
2, 29, 31, 419
List the prime factors of 17200887.
3, 11, 191, 2729
List the prime factors of 250846.
2, 125423
What are the prime factors of 12957531?
3, 4319177
What are the prime factors of 1126939?
11, 53, 1933
What are the prime factors of 3144828?
2, 3, 262069
What are the prime factors of 24167578?
2, 12083789
List the prime factors of 215899.
215899
What are the prime factors of 1518201?
3, 43, 3923
What are the prime factors of 908197?
908197
List the prime factors of 149036.
2, 19, 37, 53
What are the prime factors of 2928795?
3, 5, 195253
List the prime factors of 4814.
2, 29, 83
What are the prime factors of 203705?
5, 131, 311
List the prime factors of 147318.
2, 3, 43, 571
List the prime factors of 182025.
3, 5, 809
What are the prime factors of 282444?
2, 3, 23537
List the prime factors of 2249188.
2, 562297
What are the prime factors of 4122390?
2, 3, 5, 137413
What are the prime factors of 1546649?
13, 118973
What are the prime factors of 1557082?
2, 778541
What are the prime factors of 403059?
3, 134353
What are the prime factors of 28600558?
2, 7, 67, 30491
What are the prime factors of 3082982?
2, 7, 163, 193
What are the prime factors of 143929?
163, 883
What are the prime factors of 1853055?
3, 5, 41179
What are the prime factors of 941273?
17, 3257
List the prime factors of 4577824.
2, 29, 4933
List the prime factors of 7558806.
2, 3, 67, 18803
List the prime factors of 10903098.
2, 3, 787, 2309
What are the prime factors of 6998223?
3, 491, 4751
List the prime factors of 12383.
7, 29, 61
What are the prime factors of 343303?
343303
List the prime factors of 5085710.
2, 5, 7, 97, 107
List the prime factors of 638076.
2, 3, 53173
What are the prime factors of 194407?
61, 3187
List the prime factors of 5205349.
17, 127, 2411
List the prime factors of 3622580.
2, 5, 13, 13933
What are the prime factors of 7063747?
7063747
List the prime factors of 184565.
5, 36913
List the prime factors of 826176.
2, 3, 13, 331
What are the prime factors of 558076?
2, 17, 29, 283
List the prime factors of 9382769.
11, 163, 5233
List the prime factors of 523938.
2, 3, 87323
What are the prime factors of 15910193?
13, 293, 4177
What are the prime factors of 199205?
5, 39841
What are the prime factors of 18171594?
2, 3, 7, 48073
What are the prime factors of 4485286?
2, 13, 167, 1033
List the prime factors of 559236.
2, 3, 29, 1607
What are the prime factors of 233183?
233183
List the prime factors of 763165.
5, 13, 59, 199
What are the prime factors of 282002?
2, 7, 20143
What are the prime factors of 1739960?
2, 5, 43499
List the prime factors of 289505.
5, 57901
What are the prime factors of 291009?
3, 97003
List the prime factors of 1829945.
5, 13, 47, 599
What are the prime factors of 12512862?
2, 3, 29, 23971
What are the prime factors of 41342440?
2, 5, 359, 2879
What are the prime factors of 9561324?
2, 3, 796777
List the prime factors of 10905432.
2, 3, 17, 26729
List the prime factors of 462477.
3, 154159
What are the prime factors of 6418273?
47, 136559
List the prime factors of 404376.
2, 3, 7, 29, 83
What are the prime factors of 630595?
5, 7, 43, 419
What are the prime factors of 103879?
73, 1423
List the prime factors of 39978952.
2, 13, 47, 8179
What are the prime factors of 3430337?
3430337
What are the prime factors of 40349710?
2, 5, 4034971
List the prime factors of 873771.
3, 291257
List the prime factors of 19240.
2, 5, 13, 37
List the prime factors of 185520.
2, 3, 5, 773
List the prime factors of 3856910.
2, 5, 449, 859
List the prime factors of 1281579.
3, 13, 17, 1933
What are the prime factors of 146773?
11, 1213
What are the prime factors of 2143840?
2, 5, 13399
List the prime factors of 409149.
3, 13, 269
List the prime factors of 210152.
2, 109, 241
Li